{"id":1534,"date":"2026-01-20T13:18:31","date_gmt":"2026-01-20T18:18:31","guid":{"rendered":"https:\/\/editorialmeyzan.com\/?page_id=1534"},"modified":"2026-01-20T13:32:02","modified_gmt":"2026-01-20T18:32:02","slug":"otros-libros-de-futbol","status":"publish","type":"page","link":"https:\/\/editorialmeyzan.com\/index.php\/otros-libros-de-futbol\/","title":{"rendered":"Otros libros de futbol"},"content":{"rendered":"\t\t<div data-elementor-type=\"wp-page\" data-elementor-id=\"1534\" class=\"elementor elementor-1534\" data-elementor-post-type=\"page\">\n\t\t\t\t<div class=\"wd-negative-gap elementor-element elementor-element-209d8a0 e-flex e-con-boxed e-con e-parent\" data-id=\"209d8a0\" data-element_type=\"container\">\n\t\t\t\t\t<div class=\"e-con-inner\">\n\t\t\t\t<div class=\"elementor-element elementor-element-66deed3 wd-width-100 elementor-widget elementor-widget-wd_products\" data-id=\"66deed3\" data-element_type=\"widget\" data-widget_type=\"wd_products.default\">\n\t\t\t\t<div class=\"elementor-widget-container\">\n\t\t\t\t\t\t\t\t\t\t<div class=\"wd-products-element\">\n\n\t\t\t\n\t\t\t\n\t\t\t\n\t\t\t\n\t\t\t<div class=\"products wd-products grid-columns-3 elements-grid title-line-one wd-grid-g wd-stretch-cont-lg wd-stretch-cont-md wd-stretch-cont-sm wd-products-with-bg\" data-paged=\"1\" data-atts=\"{&quot;speed&quot;:null,&quot;slides_per_view&quot;:null,&quot;wrap&quot;:null,&quot;autoplay&quot;:null,&quot;autoheight&quot;:null,&quot;hide_pagination_control&quot;:null,&quot;dynamic_pagination_control&quot;:null,&quot;hide_prev_next_buttons&quot;:null,&quot;carousel_arrows_position&quot;:null,&quot;hide_scrollbar&quot;:null,&quot;scroll_per_page&quot;:null,&quot;center_mode&quot;:null,&quot;spacing&quot;:&quot;&quot;,&quot;carousel_sync&quot;:null,&quot;sync_parent_id&quot;:null,&quot;sync_child_id&quot;:null,&quot;scroll_carousel_init&quot;:null,&quot;disable_overflow_carousel&quot;:null,&quot;include&quot;:null,&quot;taxonomies&quot;:[&quot;22&quot;],&quot;orderby&quot;:&quot;date&quot;,&quot;meta_key&quot;:null,&quot;shop_tools&quot;:null,&quot;ajax_recently_viewed&quot;:null,&quot;pagination_arrows_position&quot;:null,&quot;items_per_page&quot;:&quot;&quot;,&quot;columns&quot;:{&quot;unit&quot;:&quot;px&quot;,&quot;size&quot;:3,&quot;sizes&quot;:[]},&quot;columns_tablet&quot;:{&quot;unit&quot;:&quot;px&quot;,&quot;size&quot;:3,&quot;sizes&quot;:[]},&quot;products_masonry&quot;:&quot;&quot;,&quot;products_different_sizes&quot;:&quot;&quot;,&quot;product_quantity&quot;:&quot;&quot;,&quot;sale_countdown&quot;:&quot;0&quot;,&quot;stretch_product&quot;:null,&quot;stock_progress_bar&quot;:&quot;0&quot;,&quot;highlighted_products&quot;:&quot;0&quot;,&quot;products_divider&quot;:null,&quot;products_bordered_grid&quot;:&quot;0&quot;,&quot;products_bordered_grid_style&quot;:null,&quot;products_with_background&quot;:&quot;1&quot;,&quot;products_shadow&quot;:&quot;&quot;,&quot;img_size&quot;:&quot;large&quot;,&quot;img_size_custom&quot;:null,&quot;grid_gallery_control&quot;:null,&quot;grid_gallery_enable_arrows&quot;:null,&quot;elementor&quot;:true,&quot;force_not_ajax&quot;:&quot;no&quot;}\" data-source=\"shortcode\" data-columns=\"3\" data-grid-gallery=\"\" style=\"--wd-col-lg:3;--wd-col-md:3;--wd-col-sm:2;--wd-gap-lg:20px;--wd-gap-sm:10px;\">\n\t\t\n\t\t\t\t\t\t\t\t<div class=\"wd-product wd-hover-quick wd-col product-grid-item product type-product post-1450 status-publish instock product_cat-libros-meyzan product_cat-otros-libros-de-futbol product_cat-seleccion-crema has-post-thumbnail shipping-taxable purchasable product-type-simple\" data-loop=\"1\" data-id=\"1450\">\n\t\t\t\t\n\t\n<div class=\"product-wrapper\">\n\t<div class=\"product-element-top wd-quick-shop\">\n\t\t<a href=\"https:\/\/editorialmeyzan.com\/index.php\/producto\/matute-99\/\" class=\"product-image-link\" tabindex=\"-1\" aria-label=\"Matute 99\">\n\t\t\t<img loading=\"lazy\" decoding=\"async\" width=\"800\" height=\"800\" src=\"https:\/\/editorialmeyzan.com\/wp-content\/uploads\/2026\/01\/MATUTE-99-png-1-800x800.png\" class=\"attachment-large size-large\" alt=\"\" srcset=\"https:\/\/editorialmeyzan.com\/wp-content\/uploads\/2026\/01\/MATUTE-99-png-1-800x800.png 800w, https:\/\/editorialmeyzan.com\/wp-content\/uploads\/2026\/01\/MATUTE-99-png-1-430x430.png 430w, https:\/\/editorialmeyzan.com\/wp-content\/uploads\/2026\/01\/MATUTE-99-png-1-150x150.png 150w, https:\/\/editorialmeyzan.com\/wp-content\/uploads\/2026\/01\/MATUTE-99-png-1-700x700.png 700w, https:\/\/editorialmeyzan.com\/wp-content\/uploads\/2026\/01\/MATUTE-99-png-1-300x300.png 300w, https:\/\/editorialmeyzan.com\/wp-content\/uploads\/2026\/01\/MATUTE-99-png-1-768x768.png 768w, https:\/\/editorialmeyzan.com\/wp-content\/uploads\/2026\/01\/MATUTE-99-png-1-80x80.png 80w, https:\/\/editorialmeyzan.com\/wp-content\/uploads\/2026\/01\/MATUTE-99-png-1.png 1080w\" sizes=\"auto, (max-width: 800px) 100vw, 800px\" \/>\t\t<\/a>\n\n\t\t\t\t<div class=\"wd-buttons wd-pos-r-t\">\n\t\t\t\t\t\t\t\t\t\t\t<div class=\"quick-view wd-action-btn wd-style-icon wd-quick-view-icon\">\n\t\t\t<a\n\t\t\t\thref=\"https:\/\/editorialmeyzan.com\/index.php\/producto\/matute-99\/\"\n\t\t\t\tclass=\"open-quick-view quick-view-button\"\n\t\t\t\trel=\"nofollow\"\n\t\t\t\tdata-id=\"1450\"\n\t\t\t\t>Vista r\u00e1pida<\/a>\n\t\t<\/div>\n\t\t\t\t\t\t\t<\/div>\n\n\t\t\t\t\t<div class=\"wd-add-btn wd-add-btn-replace\">\n\t\t\t\t\n\t\t\t\t<a href=\"\/index.php\/wp-json\/wp\/v2\/pages\/1534?add-to-cart=1450\" aria-describedby=\"woocommerce_loop_add_to_cart_link_describedby_1450\" data-quantity=\"1\" class=\"button product_type_simple add_to_cart_button ajax_add_to_cart add-to-cart-loop\" data-product_id=\"1450\" data-product_sku=\"\" aria-label=\"A\u00f1adir al carrito: &ldquo;Matute 99&rdquo;\" rel=\"nofollow\" data-success_message=\"\u00abMatute 99\u00bb se ha a\u00f1adido a tu carrito\" role=\"button\"><span>A\u00f1adir al carrito<\/span><\/a>\t<span id=\"woocommerce_loop_add_to_cart_link_describedby_1450\" class=\"screen-reader-text\">\n\t\t\t<\/span>\n\t\t\t\t\t\t\t<\/div>\n\t\t\t<\/div>\n\t\t<div class=\"product-element-bottom\">\n\t\t\t<h3 class=\"wd-entities-title\"><a href=\"https:\/\/editorialmeyzan.com\/index.php\/producto\/matute-99\/\">Matute 99<\/a><\/h3>\n\t\t\t<div class=\"wd-product-cats\">\n\t\t\t<a href=\"https:\/\/editorialmeyzan.com\/index.php\/categoria-producto\/libros-meyzan\/\" rel=\"tag\">Libros Meyzan<\/a>, <a href=\"https:\/\/editorialmeyzan.com\/index.php\/categoria-producto\/otros-libros-de-futbol\/\" rel=\"tag\">Otros libros de futbol<\/a>, <a href=\"https:\/\/editorialmeyzan.com\/index.php\/categoria-producto\/seleccion-crema\/\" rel=\"tag\">Selecci\u00f3n Crema<\/a>\t\t<\/div>\n\t\t\t\t\n\t<span class=\"price\"><span class=\"woocommerce-Price-amount amount\"><bdi><span class=\"woocommerce-Price-currencySymbol\">S\/<\/span>&nbsp;60.00<\/bdi><\/span><\/span>\n\n\t\n\t\n\t\t\t<\/div>\n\t<\/div>\n<\/div>\n\t\t\n\t\t\t\t<\/div>\n\t\n\t\t\n\t\t\n\t\t\t\t\t<\/div>\n\t\t\n\t\t\t\t\t\t<\/div>\n\t\t\t\t<\/div>\n\t\t\t\t\t<\/div>\n\t\t\t\t<\/div>\n\t\t\t\t<\/div>\n\t\t","protected":false},"excerpt":{"rendered":"<p>Vista r\u00e1pida A\u00f1adir al carrito Matute 99 Libros Meyzan, Otros libros de futbol, Selecci\u00f3n Crema S\/60.00<\/p>\n","protected":false},"author":1,"featured_media":0,"parent":0,"menu_order":0,"comment_status":"closed","ping_status":"closed","template":"","meta":{"footnotes":""},"class_list":["post-1534","page","type-page","status-publish","hentry"],"_links":{"self":[{"href":"https:\/\/editorialmeyzan.com\/index.php\/wp-json\/wp\/v2\/pages\/1534","targetHints":{"allow":["GET"]}}],"collection":[{"href":"https:\/\/editorialmeyzan.com\/index.php\/wp-json\/wp\/v2\/pages"}],"about":[{"href":"https:\/\/editorialmeyzan.com\/index.php\/wp-json\/wp\/v2\/types\/page"}],"author":[{"embeddable":true,"href":"https:\/\/editorialmeyzan.com\/index.php\/wp-json\/wp\/v2\/users\/1"}],"replies":[{"embeddable":true,"href":"https:\/\/editorialmeyzan.com\/index.php\/wp-json\/wp\/v2\/comments?post=1534"}],"version-history":[{"count":4,"href":"https:\/\/editorialmeyzan.com\/index.php\/wp-json\/wp\/v2\/pages\/1534\/revisions"}],"predecessor-version":[{"id":1542,"href":"https:\/\/editorialmeyzan.com\/index.php\/wp-json\/wp\/v2\/pages\/1534\/revisions\/1542"}],"wp:attachment":[{"href":"https:\/\/editorialmeyzan.com\/index.php\/wp-json\/wp\/v2\/media?parent=1534"}],"curies":[{"name":"wp","href":"https:\/\/api.w.org\/{rel}","templated":true}]}}