{"id":1450,"date":"2026-01-18T00:54:59","date_gmt":"2026-01-18T05:54:59","guid":{"rendered":"https:\/\/editorialmeyzan.com\/?post_type=product&#038;p=1450"},"modified":"2026-01-23T17:23:45","modified_gmt":"2026-01-23T22:23:45","slug":"matute-99","status":"publish","type":"product","link":"https:\/\/editorialmeyzan.com\/index.php\/producto\/matute-99\/","title":{"rendered":"Matute 99"},"content":{"rendered":"","protected":false},"excerpt":{"rendered":"<p>Cr\u00f3nica intensa del hist\u00f3rico triunfo crema en Matute del a\u00f1o 1999, contada desde la emoci\u00f3n y la memoria. Un viaje a la rivalidad m\u00e1s feroz del f\u00fatbol peruano. Es un libro que captura el pulso, el miedo y la gloria de aquella final de campeonato.<\/p>\n<ul>\n<li><strong>Autor:<\/strong> Juan Carlos Ch\u00e1vez<\/li>\n<li><strong>G\u00e9nero:<\/strong> Cr\u00f3nica &#8211; Futbol<\/li>\n<li><strong>PVP:<\/strong> S\/ 60<\/li>\n<li><strong>Formato:<\/strong> Tapa blanda<\/li>\n<li><strong>A\u00f1o de edici\u00f3n:<\/strong> 2020<\/li>\n<li><strong>Cantidad de p\u00e1ginas:<\/strong> 227<\/li>\n<li><strong>ISBN:<\/strong> 9786120071540<\/li>\n<li><strong>Tapa:<\/strong> R\u00fastica.<\/li>\n<\/ul>\n","protected":false},"featured_media":1447,"comment_status":"open","ping_status":"closed","template":"","meta":[],"product_brand":[],"product_cat":[20,22,21],"product_tag":[],"class_list":{"0":"post-1450","1":"product","2":"type-product","3":"status-publish","4":"has-post-thumbnail","6":"product_cat-libros-meyzan","7":"product_cat-otros-libros-de-futbol","8":"product_cat-seleccion-crema","10":"first","11":"instock","12":"shipping-taxable","13":"purchasable","14":"product-type-simple"},"_links":{"self":[{"href":"https:\/\/editorialmeyzan.com\/index.php\/wp-json\/wp\/v2\/product\/1450","targetHints":{"allow":["GET"]}}],"collection":[{"href":"https:\/\/editorialmeyzan.com\/index.php\/wp-json\/wp\/v2\/product"}],"about":[{"href":"https:\/\/editorialmeyzan.com\/index.php\/wp-json\/wp\/v2\/types\/product"}],"replies":[{"embeddable":true,"href":"https:\/\/editorialmeyzan.com\/index.php\/wp-json\/wp\/v2\/comments?post=1450"}],"version-history":[{"count":2,"href":"https:\/\/editorialmeyzan.com\/index.php\/wp-json\/wp\/v2\/product\/1450\/revisions"}],"predecessor-version":[{"id":1560,"href":"https:\/\/editorialmeyzan.com\/index.php\/wp-json\/wp\/v2\/product\/1450\/revisions\/1560"}],"wp:featuredmedia":[{"embeddable":true,"href":"https:\/\/editorialmeyzan.com\/index.php\/wp-json\/wp\/v2\/media\/1447"}],"wp:attachment":[{"href":"https:\/\/editorialmeyzan.com\/index.php\/wp-json\/wp\/v2\/media?parent=1450"}],"wp:term":[{"taxonomy":"product_brand","embeddable":true,"href":"https:\/\/editorialmeyzan.com\/index.php\/wp-json\/wp\/v2\/product_brand?post=1450"},{"taxonomy":"product_cat","embeddable":true,"href":"https:\/\/editorialmeyzan.com\/index.php\/wp-json\/wp\/v2\/product_cat?post=1450"},{"taxonomy":"product_tag","embeddable":true,"href":"https:\/\/editorialmeyzan.com\/index.php\/wp-json\/wp\/v2\/product_tag?post=1450"}],"curies":[{"name":"wp","href":"https:\/\/api.w.org\/{rel}","templated":true}]}}